at is the units digit of c?
4
Let n(d) be the first derivative of -d**2/2 - d + 5. Let u be n(5). What is the units digit of (108/(-16))/(u/16)?
8
Let h = 2106 - -31. What is the hundreds digit of h?
1
Let p(j) = 2*j**2 - 6*j - 9. Let a be p(5). Let h = a + -6. Suppose -h*d - 71 = -236. What is the tens digit of d?
3
Let z(b) be the second derivative of -b**3/3 - 5*b**2/2 + 6*b. Let v be z(-6). Let i = 51 - v. What is the units digit of i?
4
Let f = 15717 + -10814. What is the thousands digit of f?
4
Let k(i) = 41*i - 53. What is the units digit of k(8)?
5
Let o(x) = -4*x - 15. Let r be o(-6). Let t(i) = -37 - 6*i**2 + r*i + 15 + i**3 + 21. What is the tens digit of t(5)?
1
Suppose 3*w + 0*h - 68 = -4*h, -122 = -5*w + 2*h. Let k = w + -38. What is the units digit of (-3 + 2)*k/2?
7
Suppose 3*a - 4*y = 1397, 0 = a - 5*y + 2*y - 459. Let c = a + -308. What is the tens digit of c?
6
Suppose 0 = 5*b - v - 1289, 14*b = 15*b + 3*v - 261. What is the tens digit of b?
5
Let d = 1696 + -81. What is the tens digit of d?
1
Suppose 0 = 60*i - 36*i - 123672. What is the tens digit of i?
5
Let v be 568/12 + 4/6. Suppose -4*b - v + 16 = 0. What is the tens digit of 16 + 6*b/12?
1
Suppose 0 = -2*v + 8, 5*i + 4*v - 1 + 25 = 0. Let r(g) = g**3 + 12*g**2 + 11*g + 5. What is the tens digit of r(i)?
7
Let f(s) = -s**3 - 14*s**2 + 1. Let g = 12 + -5. Let j = -7 - g. What is the units digit of f(j)?
1
Suppose 26 + 25 = 4*x - 3*h, x - 3*h - 15 = 0. Suppose -s + 37 = -3*g - x, -5*s + 4*g + 234 = 0. What is the tens digit of s?
4
Suppose -3*o = -4*t - 144, -2*o - 4*t - 56 = -3*o. Suppose 2*b + o = q, 3*b - 86 = -2*q - 5. What is the units digit of q?
2
Let q be 2/(-7) + (10800/28)/6. Suppose 0 = -o - 2*f + 2, -5*f + 9 = 5*o - 6. Suppose -o*n - q = -2*s, 5*s - 240 = -3*n - 41. What is the units digit of s?
8
Suppose -60*v + 9888 = -56*v. What is the thousands digit of v?
2
Suppose 250 + 392 = -6*t. Let v = t + 197. What is the units digit of v?
0
Suppose -5*w - 282 = -8*w. Let f = w + -64. What is the units digit of (-30)/(-4)*36/f?
9
Suppose -8 = -x - 3*x. Let q = 15 + -11. Suppose s = -3*p, 0 = 4*p + 2*s - x + q. What is the units digit of p?
1
Let g(y) = y**3 + 20*y**2 + 25*y + 1. What is the tens digit of g(-18)?
9
Let z = -760 + 1181. What is the units digit of z?
1
Suppose -3*r = 3, 4*b - 12718 = -2*r + 1544. What is the thousands digit of b?
3
Let k(p) be the second derivative of 5*p**4/12 - p**3/6 - 3*p**2/2 - 11*p. What is the units digit of k(-3)?
5
Let j(i) = i - 6. Let n be j(6). Suppose 2*d = -n*d + 370. What is the tens digit of d?
8
Let j(t) = t**2 - 2*t + 39. Let w be j(0). Suppose -2*r + 5*r - w = 0. What is the tens digit of r?
1
Suppose 5*v - 624 = 2*v. Suppose -4*k + v = -172. What is the tens digit of k?
9
Let p = -19 + 24. Suppose -2*f = -p*n + 3*f + 130, -f = -2*n + 51. What is the units digit of n?
5
Suppose 3*o - 117 = -4*c, o - 2*c = -o + 92. Let w = o - 0. What is the tens digit of w?
4
Suppose 7*p - 2*p = 3*k - 2944, -2*k + 5*p = -1956. What is the hundreds digit of k?
9
Let j = 17 + -9. Let z be 26 + (0 - (-2 - -4)). Let b = z + j. What is the units digit of b?
2
Let z(u) = 3*u**2 - u - 7. What is the tens digit of z(3)?
1
Suppose 2*z + 15 = 3. Let d(v) = -v**3 - 5*v**2 + 4*v + 14. What is the units digit of d(z)?
6
Let i be (-15)/(-7) + (-8)/56. Let y(q) = 22*q**2 + 2*q - 1 + 0*q**i + q**2 + 0. What is the units digit of y(1)?
4
Suppose 0 = -7*g + 2528 + 356. What is the hundreds digit of g?
4
Let t(s) = 6*s**2 + 4*s - 4. Let o be t(5). Suppose -24*b = -22*b - o. What is the tens digit of b?
8
Let k(g) = g**3 + 5 - 16*g**2 - 2*g**3 - 1 + 10*g**2 - 2*g. Let p be k(-6). Suppose 20 + p = 3*v. What is the units digit of v?
2
Suppose 0 = -2*c + 43 + 263. Let v = c + -100. What is the units digit of v?
3
Suppose 380 = -304*j + 308*j. Let n be 3*(-3)/(9/(-4)). Suppose -243 + j = -n*p. What is the tens digit of p?
3
Suppose 3*y + 2*m + 44 = 0, -2*m = y + 2*m + 28. What is the units digit of (-964)/y - 2/(-3)?
1
Let d be (4 - 1)/((-33)/(-22)). Let i(w) = -3*w**d - w**3 - w + 4*w**2 + 0*w**2 + 0*w**2. What is the units digit of i(-3)?
9
Let s = -75 - -84. Suppose -s*m = -17*m + 1064. What is the units digit of m?
3
Suppose -2*k + u - 3*u - 530 = 0, -5*k - u = 1313. Let p be (-1)/3 - k/(-6). What is the tens digit of 282/22 + (-8)/p?
1
Suppose -n - 3*h = -937, 4*n - 1529 = -3*h + 2219. What is the tens digit of n?
3
What is the units digit of -42*1/18 - (-31208)/6?
9
Let f(t) = 13*t + 130. What is the tens digit of f(0)?
3
Let t = 52 + 731. What is the units digit of t?
3
Suppose 2*y = 2*g + 64, y + 40 = 2*g - 3*g. Let o be 4730/18 + (-8)/g. Suppose 4*l + 71 = o. What is the units digit of l?
8
Suppose -26*n = -2961 - 9779. What is the hundreds digit of n?
4
Let h(t) = -27*t - 1. Let g be h(-2). Suppose x = -5*a - 121, 0*x - g = 2*a + 5*x. What is the units digit of (18/a)/((-1)/12)?
9
Suppose -c = -3*v + 5*v - 1, -5*v - 3*c = -5. Let k be (v/3)/(2/(-6)). Let l(x) = 3*x**3 - x + 2. What is the units digit of l(k)?
4
Let m = -3 - -4. Let r be 1/m*(3 + 49). What is the units digit of (5/(-10))/((-2)/r)?
3
Let l be 1 - ((0 - 1) + -10). Suppose 0 = -3*h + 63 + l. What is the units digit of h?
5
Suppose -3*f + 4*z - 26 = 0, 5*f + 11 - 26 = -5*z. What is the units digit of 43*f/(5/(-3) + 1)?
9
Suppose 2*k - 18 = -18. Suppose 8*b + k*b - 880 = 0. What is the hundreds digit of b?
1
Suppose -4*g - 39 = -3. Let i = 165 - 162. Let q = i - g. What is the tens digit of q?
1
Let v = -33 + 26. What is the units digit of 327/9 - v/(-21)?
6
Let j be -14*(-3)/(-18)*-216. Let l = j - 335. What is the hundreds digit of l?
1
Let h = 2659 + 2792. What is the units digit of h?
1
Let c = -17 + 41. What is the units digit of (-367)/(-4) + (-6)/c*3?
1
Let k = 1926 - 985. What is the hundreds digit of k?
9
What is the units digit of ((-2)/(-4))/(7/5068)?
2
Let q(u) = u**2 - 10*u + 3. Let t be q(4). Let m = t + 46. What is the tens digit of m?
2
Let g = -4481 + 10683. What is the hundreds digit of g?
2
Suppose 1920 = 4*k - 2*k. Let i be (-7 + -4)/(2/(-4)). What is the units digit of k/44 + 4/i?
2
Let j be (-50)/15*1/((-10)/444). What is the units digit of 0 + -1 + j + 2?
9
What is the tens digit of (-9 + 8)/(3/(-1167))?
8
Suppose 23*s + 351 = 27*s - 5*j, 5 = j. What is the tens digit of s?
9
Suppose 2*h = -3*w + 2 + 7, -15 = -5*w + 5*h. Suppose w*i - 12 = 0, 3*i + 2*i - 280 = 4*p. Let x = -43 - p. What is the units digit of x?
2
Suppose 16 = 11*s + 49. What is the tens digit of 40/s*(-252)/30?
1
Let p = 130 + -192. Let s = p - -134. What is the units digit of s?
2
Let j(y) = 155*y**3 - 2*y**2 + 2*y - 1. Let s be j(1). Suppose 3*m - s = 74. What is the tens digit of m?
7
Suppose -8*h + 4*h + 80 = -3*j, -5*h - 3*j = -127. Suppose 204 = 26*u - h*u. What is the tens digit of u?
6
Suppose 2*m - 8 = 0, -4044 = 6*d - d - m. What is the tens digit of d/(-12)*(-12)/(-8)?
0
Let s = -51 + 53. Suppose -4*f + 28 = 2*h, 4*h - f - 3*f + 4 = 0. Suppose h*k + s*k = 24. What is the units digit of k?
4
Suppose 2*x - 35 - 123 = -4*h, 4*h - 155 = -5*x. Let n = h + 15. Suppose -n - 41 = -4*k. What is the units digit of k?
4
Suppose -3*a = -3*w + 54, -2*a + 6 = -w - 7*a. Suppose 0 = 2*v - w + 58. What is the tens digit of (-12)/(2 - v/(-10))?
6
Let h = 2 + -2. Suppose 4*s - 284 = -o - o, h = s + 4*o - 85. What is the units digit of s?
9
Let u(w) = -w - 5. Let k be u(0). Let b = -4 - k. Let l = 4 + b. What is the units digit of l?
5
Suppose 4*l + 5*q = 146, 4*l - 63 = 2*q + 69. Let a be l/(-6) + 2/(-6). Let x = 2 - a. What is the units digit of x?
8
Suppose -4*s + 14 = 50. Let r be ((-21)/9 - 1)*s. Suppose 5*v - 5*t - 99 = v, -v + 3*t = -r. What is the units digit of v?
1
Suppose -k + 37 = 3*k + p, -26 = -3*k + p. Suppose 900 = 5*f - k*f. Let c = -153 - f. What is the units digit of c?
2
Let l(t) = -t**3 + 26*t**2 - 33*t + 9. What is the units digit of l(19)?
9
Let k = 1934 + 1048. What is the thousands digit of k?
2
Let t be (-1)/(((-3)/9)/1). What is the tens digit of 1*(-6)/t + 42?
4
Let g(m) = 12*m**2 + 3*m + 4. Let x be g(-2). Suppose 0*u = -u + 5*f + x, 136 = 2*u + f. What is the tens digit of (0 - u)*12/(-18)?
4
Let l be (-84)/(-60) - 6/(-10). Suppose -54 = l*x - 3*x. Let p = -20 + x. What 